- 0) + 1
4
Calculate 3 + (-3 - -1 - (4 - 7 - 4)).
8
Calculate 1 + 0 + -1 + (-9 - (-41 - -34)).
-2
What is the value of -21 + 21 + -18 + 8?
-10
-4 + 10 - (5 + -14 - -12)
3
0 + -1 - (1 - 13 - 4)
15
(-11 + -1 - -4) + 4 + 9
5
-23 + (-1 - (-6 - (-12 + 7))) + 8
-15
(-6 - -2) + (5 - (2 + 0)) - 2
-3
Calculate 3 + -7 + -2 + (-3 - -4 - -10).
5
What is the value of -19 + 14 - -24 - 6?
13
-10 + (1 + -19 - (112 + -123))
-17
3 - (1 + 25) - (-7 - (-15 - -8))
-23
138 + -138 + (-7 - 1)
-8
What is -11 + -10 + (9 - 0) + (7 - 0)?
-5
Calculate 3 + 3 + (-3 - 11).
-8
Calculate -1 - 18 - (14 + -38).
5
Evaluate (0 - -1) + -2 + -3 + -7 + -2.
-13
What is 0 + 1 + 13 + 24 + -24?
14
What is (0 + (3 - -27) - 2) + (-182 - -176)?
22
(-15 - -26) + -30 + 3 - 8
-24
What is the value of 4 + -2 - (-4 + 21 - 25)?
10
What is 42 - (-33 + 19 + 40)?
16
What is the value of 3 + (-9 - -4) - (1 + -1) - 2?
-4
What is -2 + 3 + -4 + -14 + -3 + 1?
-19
What is the value of 16 + (-22 - (11 - 23) - -1)?
7
What is the value of 4 - (-16 + (-21 - -47))?
-6
What is the value of -13 - -17 - (11 + (-15 - -12))?
-4
8 - -3 - (-10 + 22 - 14)
13
What is -12 - ((-2 - -7) + (7 - 22))?
-2
What is the value of -14 - (-16 - (-4 + (-12 - -9)))?
-5
What is the value of 17 - (13 + -9 + -1)?
14
Evaluate 19 + 37 + -30 - 27.
-1
-9 - (4 + -14 - -1 - -14)
-14
Evaluate -10 + -1 + -328 + 316.
-23
Calculate -3 + (-9 - -16) + -6 + 3.
1
Evaluate 31 + -11 - (23 - 0).
-3
Calculate -6 + (-13 - -4) - (0 - 7).
-8
Calculate 0 + 11 + -7 + 7.
11
Evaluate 12 - 1 - (272 + -273).
12
Evaluate 6 - ((15 - 5) + 2 + -16 + 13).
-3
Calculate (5 - 30 - -24) + (-7 - (-1 - -1)).
-8
Evaluate -5 + -15 + 16 + 1.
-3
What is the value of (-15 - 0) + -66 + 66 - -41?
26
What is the value of 7 - (-7 + 8 + 7 + 10)?
-11
What is the value of -12 + -5 + (8 + 3 + -14 - -1)?
-19
Calculate (52 - (122 + -45)) + -5 + -1.
-31
What is the value of 5 + 6 - (17 + -7)?
1
(-1 - -7) + 2 + -30 - 1
-23
Calculate -22 + -1 + 19 + -7 - -4.
-7
What is the value of (-14 - (10 - 21)) + 9?
6
15 + (-19 + 2 - (-16 + 8)) - -8
14
What is the value of (22 - 28) + 29 + -8?
15
Calculate (-6 + -7 + 13 + 4 - 1) + 14.
17
What is the value of 8 + -12 + 16 + (3 - 8)?
7
62 - 65 - (-2 + (2 - (4 - 28)))
-27
What is (0 - (-4 - (3 - (6 - 4)))) + -4?
1
What is the value of 42 + (-15 - (10 - 21)) + -9?
29
Calculate 90 - 90 - (-2 + 2).
0
Evaluate -10 - (1 + -4) - (13 + -48 + 17).
11
(-13 - -23 - 11) + 2
1
Calculate -1 - (-4 + (3 - 15) + 12).
3
(-166 - -199) + (-13 - 0)
20
What is (1 - -18) + 12 + -8?
23
What is 14 - (-8 - -2 - (-5 + -6) - 7)?
16
What is -15 + (-4 - (14 + -21))?
-12
Evaluate -4 + -4 + (18 - 19) + 1.
-8
What is (-10 + 0 + 4 - -13) + -1 + -2?
4
What is the value of (0 - (0 - -2) - 1) + (1 - -16)?
14
Calculate 8 + -11 + (0 - -7).
4
-8 - (-5 - 11 - -12 - 16)
12
(6 + 2 - 10) + 0 + 7 - 17
-12
Calculate 42 + (13 - 23) + -11.
21
What is the value of 5 + 17 - (-47 - -64)?
5
What is 199 + -178 - (22 + 2)?
-3
Calculate 4 - (9 - (-9 + 23 + -4)).
5
What is -10 - ((7 - (31 + -4)) + -8)?
18
What is -3 + -7 + -1 + (96 - 102)?
-17
What is the value of 4 - (7 + 11) - -5?
-9
Evaluate -24 + (4 - -16) + 2 + 5.
3
-24 + (8 - 25 - -46)
5
Evaluate (-17 - (21 - (-13 + 26))) + 0 + 7.
-18
What is 12 + (-7 - (-1 - (14 - -3)))?
23
Evaluate -5 + 2 - (-6 - -16 - 11).
-2
What is the value of (0 + -2 - (-2 - 1)) + (-78 - -84)?
7
What is the value of -1 - ((-7 - 0) + (7 + -22 - -16))?
5
What is (-9 - (-9 - -25)) + 19?
-6
What is the value of (-63 - -1 - -35) + 54?
27
Calculate -1 + (7 + -10 + 0 - 12).
-16
Evaluate 22 + (-18 - (13 - 15)).
6
Evaluate 3 + -3 + 1 + 20 + -25.
-4
Calculate -7 + (0 - -11) + 9 - 6.
7
What is -8 - (-3 - (3 + -7) - 5)?
-4
34 + -31 - (7 + 4 + -3) - -22
17
What is the value of -10 - (5 + -9 + 0)?
-6
18 + -11 + -5 + 11
13
10 - 44 - -86 - 17
35
Evaluate -31 + (9 - (-3 - (-9 + 4 - -1))).
-23
What is the value of (21 - (24 - 23)) + -38?
-18
Evaluate 6 - -19 - 6 - (-7 - -14).
12
What is the value of -14 + 11 + (3 - 6) + 6?
0
-9 + 7 + 4 + 2 + (10 - 6)
8
Evaluate -5 - ((-69 - -66) + -7 + -1).
6
What is the value of 18 - -17 - (11 + 17)?
7
What is 3 + -11 + (1 - 8) + 3 + -3?
-15
Calculate -55 + 14 + 21 + 17.
-3
What is the value of -4 + (19 - -8 - 32)?
-9
(8 - (-1 + 3)) + -28 + 46 - 2
22
What is the value of -11 + (1 - -10) - -8?
8
What is (3 + 4 + -10 - -17) + (-6 - -4)?
12
Evaluate 1 + (1 - -2 - 10) + (18 - 20).
-8
What is the value of 3 + -1 - ((-7 - 8) + -4)?
21
What is the value of -21 + 2 + (0 + -8 - (-78 - -62))?
-11
Evaluate 1 + -4 + (-9 + 49 - 27).
10
What is 18 - 6 - 12 - -1 - -11?
12
What is -6 + -15 + 10 + 2?
-9
Calculate 5 + (-2 - (-3 + 3)).
3
-37 + (18 - 9) - (2 + -13 - -8)
-25
What is (4546 - 4552) + 3 + (2 - (-1 - -1))?
-1
Evaluate -172 - -152 - (-17 + 0).
-3
Evaluate -5 - -6 - 35 - ((8 - 1) + -11).
-30
What is the value of -28 + 11 - (-2 + -2)?
-13
Evaluate (15 - (5 + 13)) + 0.
-3
What is the value of 16 + -10 + 20 - (11 + -4 - 4)?
23
What is 4 + -6 + -1 - (25 - 16)?
-12
What is the value of -6 + 23 + -16 + (4 - 3)?
2
What is the value of 2 + (-149 - -167) + (0 - 2)?
18
10 + 14 + -32 - -1
-7
What is -1 + 16 + (-3 - 11) - -4?
5
0 - 7 - (-8 - (24 - 29))
-4
What is (-35 - (8 - 26)) + -5 + 0?
-22
What is the value of -5 + (13 - -13) + -20?
1
-21 - -14 - 3 - 0
-10
What is (2 + -7 - (21 - 20)) + 7?
1
Evaluate -6 - ((229 - 238) + (-28 - 0)).
31
Calculate -14 + 3 + 31 + -37.
-17
What is the value of (-16 - (-14 + 14)) + 16 + 1 + -3?
-2
Evaluate 7 - (14 + (-5 - (-2 + (7 - 17)))).
-14
What is 270 + -271 - (-1 + (-2 - -22))?
-20
-6 + 2 - (-8 + 12) - (1 - -9)
-18
Calculate 9 + 2 - (-33 + -7 - -29).
22
What is the value of 3 - -12 - 30 - -12?
-3
What is -2 + -3 + 0 + (42 - (66 + -44))?
15
What is 24 + -19 + -2 + 3 + -3?
3
What is the value of 6 + -21 + 15 + (-1 - -1) + -10?
-10
What is 2159 + -2173 - (-15 + (-1 - -2))?
0
-37 - ((-26 - (-25 - -14)) + 2)
-24
What is the value of 77 - 99 - (3 + 4) - -4?
-25
Evaluate -1 - (-3 + 4 + 18 + -1 + -9).
-10
What is the value of 17 - ((14 - 33) + 52)?
-16
What is the value of -25 + ((-9 - 3) + 6 - -2)?
-29
Evaluate -13 - (-15 + -8 + 12).
-2
Calculate 4 - 0 - (-16 + 19 - 1).
2
Evaluate -2 + (1 - ((-11 - -15) + -16)).
11
Calculate 9 - (-1 + 7 + 10).
-7
What is -9 + 27 + -10 - 11?
-3
Calculate 1298 + -1304 + (-2 - -4 - 1 - 19).
-24
What is the value of -15 + -3 + 4 + 9 + -9?
-14
Calculate 0 + -4 + 19 + (15 - 13) + -3.
14
Evaluate (561 - 581) + (-3 - (0 + -1)) + -1.
-23
What is -12 + (-6 + -25 - -13)?
-30
Evaluate 74 + -64 + (17 - 0).
27
What is the value of (27 - 49 - -20) + (-8 - 2 - 2)?
-14
What is 0 + 38 + 368 + -379 - 3?
24
Evaluate -3 - (-1 - -7) - (-36 + 43).
-16
What is -5 + 6 + (3 - -2 - 4) + -2?
0
What is (-5 - (-2 - 5) - 0) + -1 + 9?
10
What is -26 - -1 - (-38 + 12 + 17)?
-16
What is -17 + (4 - 2 - (-23 - -20))?
-12
-11 - (-1 + 2 + (5 - -2) - -2)
-21
What is -2 + 2 + -1 + -39 + (44 - -12)?
16
What is the value of (3 - 1 - 0) + 10 + (74 - 78)?
8
Calculate (-22 - -45) + -45 + 44.
22
What is the value of (-66 - -59) + 21 + 0 + 0 + -7?
7
Evaluate (-26 - -53) + 9 - 22.
14
What is the value of -522 + 557 + -17 + -1?
17
Evaluate -2 - (-2 + (3 - -1)) - (-43 + 48).
-9
Evaluate 7 + -1 + -3 + (-18 - -5).
-10
-9 + (1 - 3) - (1 - (34 - 8))
14
(-12 - (6 + -10 - 3)) + 2 + -2
-5
-18 + (34 - 51) + -3 + 61
23
What is -1 - -28 - ((-46 - -60) + 2)?
11
Calculate 5 + -25 + -14 + 18.
-16
Calculate 17 - (10 + (2 - 2)).
7
What is (-25 - -46) + -4 + -4?
13
Calculate -2 + -13 + (-3 - ((1 - -3) + -9)).
-13
What is the value of (11 - (0 - (2 + -22))) + 8?
-1
Calculate 42 + 5 + 12 + -49.
10
What is (44 - 15) + -74 + (0 - -5) + 1?
-39
What is -3 + (4 - 4) - (5 + (3 - -2))?
-13
-2 + (3 - 2) - (73 + -83) - 32
-23
Evaluate 10 - -1 - (15 + (24 - 8)).
-20
Evaluate -56 - -46 - (-41 + 7 + -2).
26
-15 - (-8 + (24 - 42))
11
Evaluate 7 + (0 - 0) + 61 + (-1 - 60).
7
-18 + (-8 - (-12 - (-3 + -5 + 1)))
-21
(-13 - (-3 + (3 - 7))) + 1
-5
Evaluate 2 + -7 - ((0 - (-11 - -20)) + -12).
16
Evaluate -2 + 26 + (-14 - 10).
0
(3 - (12 - 8) - -10 - 5) + 6
10
What is the value of 1 + 2 + (-4 - 0) + 3 + -13?
-11
What is the value of 1 - (1 - (-16 - -25))?
9
Evaluate -5 - (-15 + (8 - (-16 - -5))).
-9
What is (1 - 12) + (-4 - (0 - 6) - 0)?
-9
Evaluate (-188 - -177) + (0 - -2).
-9
Calculate 1 + (-1 - (8 - 